the prime factors of y.
2, 3
Let u(i) = i**2 + 2*i - 7. Let s(c) = c + 1. Let z(l) = l. Let o(k) = 4*s(k) - 5*z(k). Let r be o(9). What are the prime factors of u(r)?
2
Let x be 4/(-12)*1 - 20/(-6). Suppose -x*k - t = -101 - 156, -5*t - 245 = -3*k. List the prime factors of k.
5, 17
Let x be (-4)/24*-2*12. Suppose 0 = x*i - 149 + 9. List the prime factors of i.
5, 7
Suppose 0 = -r - 5*r + 234. Let h = r + -30. What are the prime factors of h?
3
Suppose 33 = -3*k - h, -2*k - 2*h + 3*h - 22 = 0. Let y = k + 8. What are the prime factors of y/7 + (-488)/(-28)?
17
Suppose 432*k + 180 = 417*k. Let x(j) be the third derivative of j**6/120 + 11*j**5/60 - j**4/2 + 7*j**3/3 + j**2. What are the prime factors of x(k)?
2, 7
Let c(r) = 17*r + 4. Let t be c(12). Suppose t = 4*w + 48. What are the prime factors of w?
2, 5
Suppose 0 = 5*x + 5*l - 4205, -5*x + 5*l - 9*l = -4208. List the prime factors of x.
2, 211
List the prime factors of -2 - -12*(-3)/9 - -1468.
2, 17, 43
Suppose 0 = 4*n + 2*p - 16, -3*p - 2*p + 7 = -n. Suppose -380 - n = 5*j + q, q = -4*j - 307. What are the prime factors of (-2)/(2 + 156/j)?
2, 19
Let h(s) = 33 - 5 + 14*s**2 + 29 - 16 - 13*s. Let u(r) = 5*r**2 - 4*r + 14. Let p(l) = 6*h(l) - 17*u(l). List the prime factors of p(-8).
2, 3
Suppose 0 = 117*k - 133*k + 43664. What are the prime factors of k?
2729
Let u(h) = 47*h - 42. Let n be u(4). Suppose 4*v + v - 25 = 0. Suppose -2*d + n = 4*q, -v*d - 90 = -2*q - q. What are the prime factors of q?
5, 7
List the prime factors of 8/10*(-5 - 32325/(-15)).
2, 5, 43
Suppose -677 = -6*t - 569. What are the prime factors of t?
2, 3
Suppose 0 = 4*r - j + 426, -97 = r - 4*j + 2. Let u = -49 - r. What are the prime factors of u?
2, 29
Let j(i) = i**3 + i + 227. List the prime factors of j(0).
227
Suppose 3*g - 2*g - 426 = -c, 3*g = 4*c - 1732. What are the prime factors of c?
2, 5, 43
Let a = 76 + -77. What are the prime factors of ((-1668)/24)/(a/2)?
139
Suppose 2*d = 8*d - 282. Suppose -616 = -51*u + d*u. What are the prime factors of u?
2, 7, 11
Let h(z) = 2*z + 29. Let n = 16 - 16. List the prime factors of h(n).
29
Let h = 1374 - 932. List the prime factors of h.
2, 13, 17
Suppose 0 = 5*p - 6*c + 2*c - 4909, 2*p - 1960 = -2*c. Suppose 8*j - p = 11*j. List the prime factors of j/(-12) - (-2)/(-8).
3
Let i(t) = 128*t - 296. What are the prime factors of i(41)?
2, 619
Suppose -4*b + 5878 = 7*k, b + 1477 = 2*b - 2*k. List the prime factors of b.
3, 491
Suppose 5*u - 256 = p, -3*p + 0*p = -5*u + 248. What are the prime factors of u?
2, 13
Suppose 0*y - 146 = -2*y - 2*a, y - 85 = 2*a. Suppose 3*w = -3*h + 2*w + y, 3*w + 19 = h. Let o = 32 - h. List the prime factors of o.
7
Suppose -2*g = -i + 146, i - 161 = -6*g + 3*g. Let c = i + -58. List the prime factors of c.
2, 47
Let o = -612 + 2104. What are the prime factors of o?
2, 373
Let c be -2*4*(2 + -3). Let p(l) = l**2 - 5*l - 1. Let s be p(c). Suppose -d + s = 1. List the prime factors of d.
2, 11
Let m(x) = -4*x + 1444. Let v be m(0). Suppose 6*i = -154 + v. List the prime factors of i.
5, 43
Let c(j) = j**2 - 10*j - 12. Let o be c(11). List the prime factors of (-4)/((-12)/(-21))*13/o.
7, 13
Let m(j) = j**2 + 2*j - 8. Let z be m(2). Suppose -6*f + 366 + 762 = z. List the prime factors of f.
2, 47
What are the prime factors of (-66)/(-8)*(374/33 + -6)?
2, 11
Let l(c) = -2*c**3 + 33*c**2 + 18*c - 32. List the prime factors of l(12).
2, 5, 37
Let l = -2 + 5. Suppose -m - l*m - 124 = 0. Let z = 111 + m. What are the prime factors of z?
2, 5
Let u(t) = 2*t**2 + 28*t + 6. Let x be u(-8). List the prime factors of (x + 0)/(1 - 2).
2, 3, 5
Suppose -4*a + 13597 + 9479 = 0. List the prime factors of a.
3, 641
Let w(p) = -2*p - 13. Let a(k) = -k. Let r(l) = 3*a(l) - w(l). Let q be r(13). Suppose q = -3*c + c + 40. What are the prime factors of c?
2, 5
Let b(r) = 66*r**2 - 31*r - 105. List the prime factors of b(-7).
2, 7, 239
Let y(w) = 2*w + 2. Let r be y(2). Suppose 4 = -r*t + 16. Suppose -t*b + 5*b = 81. List the prime factors of b.
3
Let k(j) = -j + 53. Let d be k(10). Suppose x - 194 = 5*o + d, 4*o = -3*x + 768. What are the prime factors of x?
2, 3, 7
Let b be (6*(-10)/8)/((-2)/8). What are the prime factors of b/(-4)*24/(-30)?
2, 3
Let g(b) = 7*b**3 + 3*b**2 - 2. Let h be g(-2). Let c = h + 120. List the prime factors of c.
2, 37
Let i be ((-2)/6)/(4/(-12)). What are the prime factors of (0 + 1/i)/((-1)/(-47))?
47
Let t(r) = 71*r - 6. Let s be t(2). Suppose -4*g + 48 = -s. List the prime factors of g.
2, 23
Suppose 2*w - 1235 = -5*i, 0*w - 244 = -i - w. Suppose -66 = g - i. What are the prime factors of g?
3, 61
Let i(j) = 4*j + 1. Let m be i(1). Suppose -2*h + 4*h + 9 = -d, -2*h + 3*d = m. List the prime factors of h + -28*(1 + -3).
2, 13
Suppose 7*g = 9*g + 7756. List the prime factors of (-2)/5 - g/70.
5, 11
Let t = 5 + 2. Suppose -1224 = 25*l - 7*l. List the prime factors of (t/14)/((-2)/l).
17
Suppose -3*o - 31 = -3*m - 7, 4*m - 5*o - 32 = 0. Suppose m*x - 10*x + 4*c = -138, 0 = 4*x + 5*c - 302. What are the prime factors of x?
73
Let b(r) = r**2 - 7*r - 5. Let n be b(8). Suppose 0 = n*c - c. Suppose 2*k - 67 - 43 = c. What are the prime factors of k?
5, 11
Let i = 45 + -23. Let x = i + -16. Suppose -x*v = -3*v - 12. What are the prime factors of v?
2
Let j be 3/3 + -2*(-3 + 4). Let v(d) = 136*d**2 + 3*d - 1. What are the prime factors of v(j)?
2, 3, 11
Let i(k) = 3*k**2 - 2*k + 1. Let y = -2 + 5. Let h(l) = -4*l**2 + l. Let z(p) = y*i(p) + 2*h(p). List the prime factors of z(4).
3
List the prime factors of (-11)/66 + 128310/36.
2, 3, 11
List the prime factors of (1799 - (5 - 14)) + 7.
3, 5, 11
Let f be (8/20)/((-6)/(-75)). Let j(k) = k**3 - 3*k**2 - 3*k - 7. What are the prime factors of j(f)?
2, 7
Suppose -2*z = 7 + 5. Let b be z/45 + (-186)/(-45). Suppose -b*d = -u + 12 + 28, -5*u = 3*d - 246. List the prime factors of u.
2, 3
Let d = 1703 + 124. List the prime factors of d.
3, 7, 29
Let m(w) = -w**2 + 4*w + 4. Let n be m(4). Suppose -g + n = 0, 0*b + 4*g = b. List the prime factors of b.
2
Let u = 25 + -21. Suppose -2*b - 2*j + 62 = -u*j, b + 2*j - 16 = 0. List the prime factors of b.
2, 13
Let g be ((-93)/(-13) - (-16)/(-104)) + -2. Suppose 3*q - 2*i + 182 = 671, -4*q + 675 = g*i. What are the prime factors of q?
3, 5, 11
Let w(v) = v**2 - 6*v - 3*v - 1 - 2*v**2. Let y be w(-6). Let t = y + -6. What are the prime factors of t?
11
Let f be -3*((-70)/(-6))/(-7). Suppose -2*h + 41 = -3*o, 7*h = f*o + 4*h + 68. Let u(j) = j**2 + 10*j - 11. What are the prime factors of u(o)?
2, 7
Let v = -964 + 2897. What are the prime factors of v?
1933
Let a(s) be the third derivative of -1/120*s**6 - 1/6*s**5 + 1/3*s**4 + 4/3*s**3 + 0*s + 0 + 2*s**2. What are the prime factors of a(-11)?
41
Let y be 1/5 + (-81)/(-45). Suppose z + z + 10 = 2*w, -y*z + 14 = 4*w. What are the prime factors of 3/w*4 + 26?
29
Let z(p) = -p**3 + 3*p**2 - 3*p - 25. List the prime factors of z(-16).
3, 181
Suppose -3*n + 6 = 0, 3*n = -3*q - 0*n + 24. Suppose -q*f + 616 = 5*f. List the prime factors of f.
2, 7
Let f(w) = -w**2 - 6*w - 3. Let r be f(-4). Suppose m + 2*h = 38, -2*h = -5*m - 14 + 168. Let q = m - r. List the prime factors of q.
3
Suppose 2987 - 691 = -7*w. Let t = w - -560. List the prime factors of t.
2, 29
Suppose 18 = -6*b - 18. List the prime factors of (-422)/b + (-12)/9.
3, 23
Let k(h) = -5*h**3 - 2*h - 1. Let c be k(-1). Suppose -c*j + j = -50. What are the prime factors of j?
2, 5
Let j(g) = -g + 4*g - 1 - g. Let t = -54 - -60. What are the prime factors of j(t)?
11
Suppose -554 = -2*i + x, -4*x = 9 - 1. What are the prime factors of i?
2, 3, 23
Let l(v) = -v**3 + 6*v**2 + 6*v - 1. Let q(s) = 5*s**2 - 2. Let t be q(-2). Suppose -4*y + t = -0*y + 2*f, 2*y + 3*f = 3. List the prime factors of l(y).
5, 7
Suppose 0*w + 390 = 4*w - 2*o, -5 = -5*o. Suppose -7*f + 126 + w = 0. List the prime factors of f.
2
Let t be (-65)/(-1 + 0 - 0). Suppose 2*i + 3*u - 13 = 23, 5*u + t = 5*i. Suppose -2*b - b = -i. What are the prime factors of b?
5
Let h = -167 - -885. List the prime factors of h.
2, 359
List the prime factors of (-4 + 112/21)*(-3987)/(-12).
443
Let r = -1369 + 5445. List the prime factors of r.
2, 1019
Let y = 16 + -12. Suppose y*s + 28 = 228. List the prim